 o be 84/(-2 - -5) - -3 - 3. Suppose o*c - 9*c = 133. What is the remainder when 69 is divided by c?
6
Let s = -6380 - -8041. What is the remainder when s is divided by 4?
1
Suppose 0 = 3*n - 4*l - 40, 2*n - 29 = 3*l - 2. Suppose 80 = 20*r, 4*t + 20*r - 25*r = 12. Calculate the remainder when 4/(n/(-9)) - -32 is divided by t.
5
Suppose 267 = j - 6*r + 8*r, -811 = -3*j - 4*r. Let x = j - 232. Calculate the remainder when 176 is divided by x.
41
Let c(u) = 313*u - 1172. What is the remainder when 316 is divided by c(4)?
76
What is the remainder when 5972 is divided by (1716/(-91))/11*(-19 - 2)?
32
Let c(w) = 337*w + 3422. Suppose 5*t - 2*j - 61 = 0, 2*j - 50 + 23 = -3*t. What is the remainder when c(-10) is divided by t?
8
Let s(i) = 9*i - 4. Let p(t) = -t**3 - 4*t**2 - t - 4. Let b be p(-4). Let f = 68 + b. What is the remainder when f is divided by s(3)?
22
Calculate the remainder when 118023/24 + 30/80 is divided by 15.
13
Let k = -5127 + 5251. Calculate the remainder when 487 is divided by k.
115
Let l = -21717 + 22136. Calculate the remainder when l is divided by 28.
27
Let o = -72 + 79. Suppose 0 = o*l + 4*l - 418. Let i = -18 - -38. What is the remainder when l is divided by i?
18
Let d = -221 - -229. Suppose d*v - 1934 - 1386 = 0. Calculate the remainder when v is divided by 13.
12
Suppose 15 = -0*k + 3*k. Suppose -46*j - 30 = -49*j. Calculate the remainder when k is divided by (4/(-10))/(-3 - (-29)/j).
1
Let r = 5050 + -5037. Let t(f) = -2*f**3. Let m be t(-1). Suppose -19 = -4*x + m*y + 187, 4*y + 20 = 0. What is the remainder when x is divided by r?
10
Let q = 2717 - 2543. Calculate the remainder when 1212 is divided by q.
168
Let g(b) = -b**3 + b**2 + 9*b - 3. Let c be g(-3). Let u = c - -4. Suppose -3*d - i = -35, 3*i - u = -2*d - i. What is the remainder when 63 is divided by d?
11
Suppose -50*q + 65866 + 35654 = 30*q. What is the remainder when q is divided by 142?
133
Let y(a) = -3*a - 15 - 19 - 3*a + 183. Calculate the remainder when y(6) is divided by 5.
3
Let a(j) = 302*j - 94. Calculate the remainder when 27455 is divided by a(1).
207
Let f be (2/(-6))/((-3)/2358). Let v = -454 - -327. Let h = v + f. Calculate the remainder when h is divided by 17.
16
Let u be (-1)/((-4)/6*19/722). Let j = u - 9. What is the remainder when 139 is divided by j?
43
Let g(o) = 2*o + 3*o + 30 - 4*o. Let j be -44 + 39 + (-1 + 0)*-1. What is the remainder when g(j) is divided by 17?
9
Let r be (-176 + -1)*((-95)/(-15) + -6). Let z = r + 99. Let v(x) = -7*x**3 - x**2 + 2*x + 2. What is the remainder when z is divided by v(-1)?
4
Let i = -41 + 41. Suppose 4*j + 12 = -5*x, -j + x + 3 + 3 = i. Suppose j*z - b - 64 = b, 2*z - 59 = -3*b. Calculate the remainder when 120 is divided by z.
27
Suppose 3*m = 5*o - 1626, -12*o + 322 = -11*o + m. Suppose -z - 2*f + o = z, z - 174 = 2*f. Calculate the remainder when z is divided by 21.
19
Suppose -4*p - h + 11 = 0, 4*p + 13*h = 8*h - 9. Calculate the remainder when -8 - (p + -9) - (-148 - 1) is divided by 21.
20
What is the remainder when 9928/14 + (-78)/(-195) + (-378)/245 is divided by 59?
0
What is the remainder when (33/9 + -5)*(-26340)/80 is divided by 143?
10
Suppose -399 = 1309*g - 1330*g. Calculate the remainder when 1989 is divided by g.
13
Let a be (5/30)/((-2)/12). Let c(s) = -41*s**3 + s. Calculate the remainder when 677 is divided by c(a).
37
Let n = -4 - -15. Suppose -3*g - 111 = -3*r, -14*r + 136 = -10*r - g. What is the remainder when r is divided by n?
0
Let c = 92 - -124. Suppose 0 = 52*y - 48*y - c. Calculate the remainder when 69 is divided by (10/(-3) - (-18)/y) + 9.
3
Let z(t) = -t**3 + 9*t**2 - 15*t - 18. Let d be z(6). Suppose d = -c - 4*n + 152, c - 5*n + 4*n = 137. Calculate the remainder when c is divided by 39.
23
Let g(n) = -n**3 + 15*n**2 + 10*n + 35. Let l be g(12). Let o = -543 + l. What is the remainder when 89 is divided by o?
1
Let t(m) = 4*m - 5*m**2 - 5 - 11*m**3 + 12*m**3 - 5*m + 2*m**2. Suppose -b = 4 - 24. Calculate the remainder when t(6) is divided by b.
17
Let t be 1/(-4) - (678/24)/(-1). Let m = 33 + t. Let a = -48 + m. Calculate the remainder when 25 is divided by a.
12
Let q = 248 + 188. Calculate the remainder when q is divided by 142.
10
Let y = -1555 - -2202. What is the remainder when y is divided by 27/(1 + 0/9) + -9?
17
Let y(n) = -2*n**2 + 5*n - 1. Let p be y(1). Let l be p*23/14 - (-4)/(-14). Suppose 164 - 140 = l*v. What is the remainder when 26 is divided by v?
2
Let u(k) = 184*k + 25835. Suppose 65 + 69 = 2*i. Calculate the remainder when u(-139) is divided by i.
58
Let n(u) = 22*u + 1. Suppose -96*s + 3*i - 331 = -100*s, 5*s - 371 = i. What is the remainder when s is divided by n(2)?
31
Suppose -21356*w + 21312*w + 100716 = 0. Calculate the remainder when w is divided by 80.
49
Let o(h) = 14*h**2 + 24*h - 15. Let y be o(-8). Suppose 5*v = w - 201, -w - 3*v = 3*w - y. What is the remainder when w is divided by 27?
14
Suppose -21*q - 3142 = -3*t - 25*q, 3*q = 3. What is the remainder when t is divided by 10?
6
Let w = -7 + 27. Suppose 4*j = -w + 60. Calculate the remainder when -5*(-408)/60 - 7 is divided by j.
7
Let y be ((-1)/(-2))/((-3)/(-174)). Suppose -4*u + 9*u + y = 3*l, -4*u = 4. What is the remainder when (47/1)/(36/l - 4) is divided by 14?
10
Suppose 2*i + 259 = 9*i. Suppose -d - 61 = -4*r - 0*d, -5*r - 2*d + 73 = 0. Calculate the remainder when i is divided by r.
7
Let d be ((-124)/(-14))/(((-18)/42)/(-3)). Let k = d - 60. Calculate the remainder when k*(0 + 1) + 7 is divided by 4.
1
Suppose -4*l - 24 + 8 = -5*y, 0 = -5*l + 5. Suppose 0*j - 3*j = 12. What is the remainder when 87/(-3)*(-5 - j) is divided by y?
1
Let b = 36765 - 36661. Calculate the remainder when 9150 is divided by b.
102
Let p(i) = i**3 - 4*i**2 + 5*i - 3. Let z be p(3). Suppose 351 = z*w + 6*w. Calculate the remainder when w is divided by 32.
7
Suppose -47*i = 178*i - 144752 - 339448. Calculate the remainder when i is divided by 2149.
3
Let y(p) = 1593*p - 2907. What is the remainder when y(2) is divided by 140?
139
Let x = 486669 - 486626. Suppose 0 = 2*d + d - 18. Calculate the remainder when x is divided by d.
1
Let f(w) = w**3 - 6*w**2 + 12*w - 3. Let p = 464 + -404. Calculate the remainder when p is divided by f(5).
28
Let j(k) = -48 + 20 - 5*k - 9*k - 3*k. Let v(n) = 6*n + 9. Let i(c) = -4*j(c) - 11*v(c). Calculate the remainder when 160 is divided by i(5).
22
Let b(m) = -11 + 7*m + 3 - m + m. Let n be b(4). Suppose 88 = 3*x + 3*c - c, 0 = -4*c + n. What is the remainder when x is divided by 14?
12
Let n = -50898 - -82313. Calculate the remainder when n is divided by 68.
67
Let m be -10*(-21)/(-4) + (-29)/(-58). Calculate the remainder when 129 is divided by (-632)/m - 14/91.
9
Let h(d) = -14*d**2 + 87*d + 13. Calculate the remainder when 191 is divided by h(6).
5
Suppose 3*c - 351 - 50 = -4*h, 0 = -c - 5*h + 141. Let z = c + -36. What is the remainder when z is divided by 24?
23
Let h(o) = o**3 - 21*o**2 + 36*o + 46. Let q be h(19). What is the remainder when 57 is divided by (1 + -4 + -5)*(-16)/q?
9
Let r(d) = -1247*d - 2490. What is the remainder when 2*50 - (-6 - -3) is divided by r(-2)?
3
Let x = 3102 + -2823. What is the remainder when x is divided by 33?
15
Let h = 732 + -624. Suppose -h*f + 114*f = 318. Calculate the remainder when 154 is divided by f.
48
Suppose 13*y = 747 + 4518. What is the remainder when y is divided by 85?
65
Let x(s) = 35*s + 234. What is the remainder when x(4) is divided by 127?
120
Suppose -3*g - 900 = 2*j - 3866, j + 3951 = 4*g. Let o = g - 976. Suppose p - 5 = 4*x + 27, 4*p - 4*x - 128 = 0. What is the remainder when p is divided by o?
8
Suppose -2*g + 13*g = 792. Let b be 54/g*32/6. Suppose -b*s = s - 45. Calculate the remainder when 44 is divided by s.
8
Suppose 2*z + 0*i - 28 = -i, z + i = 15. What is the remainder when z is divided by (270/(-12))/(549/(-122))?
3
Let w(b) = -7*b + 1. Let d be w(0). Let a(k) = 2270*k - 3. Let q be a(d). Suppose -q = -15*y - 542. What is the remainder when y is divided by 30?
25
Let n = -70 - -102. Suppose 5*w + 91*s - 86*s = 580, 0 = -w + 4*s + 151. What is the remainder when w is divided by n?
27
Let f(c) = c**3 + 6*c**2 + 2*c. Let w = 185 + -115. Let p = w - 59. Calculate the remainder when f(-